8 + 5*x - 7 + 0. Is n(y) a multiple of 26?
True
Suppose -a + 5*i + 113 = 0, -9*a = -11*a + 3*i + 219. Is a a multiple of 9?
True
Suppose 2*z - 5*z = 0. Suppose 3*o + 9 = -5*c - z, -2*c + 9 = -3*o. Let a(m) = 2*m**2 - 2*m. Is a(o) a multiple of 5?
False
Suppose 0 = 19*u - 5 - 14. Is 5 a factor of ((-104)/65)/(u/(-25))?
True
Let r(s) = 51*s - 39. Is 15 a factor of r(16)?
False
Let p(j) be the second derivative of -j**5/20 + j**4/12 - j**3/3 + 12*j**2 + 15*j. Is p(0) a multiple of 19?
False
Suppose 4*g + 5*q = 12, -g + 7*q - 2*q = -3. Suppose 0 = g*r - 20 + 8. Does 2 divide r?
True
Suppose -203*k - p = -208*k + 12165, 3*k - 2*p = 7306. Is 19 a factor of k?
True
Suppose 9*f + 6 = 33. Suppose -99 = -f*l + 3. Is l a multiple of 4?
False
Suppose 3*o - 2*l = 10, 2*o = -5*l - 1 + 14. Let m = o + 22. Let n = -8 + m. Is n a multiple of 6?
True
Suppose -16 = -4*s + 4. Suppose -2*c - 295 = -4*w - 33, 5*c + 335 = s*w. Suppose -6*f - w = -10*f. Is 9 a factor of f?
False
Suppose 0 = 8*d - 37 - 11. Is 92 + d*6/9 + -2 a multiple of 12?
False
Suppose v = 4*f + 338, -5*v + 1824 = 3*f + 65. Is v a multiple of 33?
False
Suppose 0 = 2*h + 3*g + 2*g + 1, 14 = -4*h + 2*g. Let y = -3 - h. Suppose 0 = 2*w - o - y*o - 23, -25 = 5*o. Is w a multiple of 2?
False
Let k(c) = -14*c**3 + c + 1. Let b be k(-1). Let a(f) = f**2 - f - 1. Let x be a(-2). Suppose w - s = -2*s + 2, w + x*s = -b. Is w a multiple of 4?
False
Let h = 2 + 20. Let v = 28 - h. Is 3 a factor of v?
True
Suppose 14*l - 6*l = 4440. Is 15 a factor of l?
True
Suppose 2*i - 4*l - 116 = -18, 34 = i + l. Let d = i - 25. Is d a multiple of 4?
False
Let r be (4 + 0)*(2 + (-10)/8). Suppose -4*t - r*p + 0*p + 576 = 0, 5*p = -5*t + 725. Is t a multiple of 27?
False
Suppose 25*r = 756 + 11144. Is r a multiple of 14?
True
Let w = 2562 + -1926. Does 12 divide w?
True
Let w(d) = 3*d**2 - 20*d - 19. Let c(k) = -4*k**2 + 30*k + 29. Let h(z) = 5*c(z) + 7*w(z). Let p be h(-8). Does 11 divide 22*(-2)/16*p?
True
Let r(o) = -o + 5. Let x be r(0). Suppose 5*z = -5*g + 185, 42 + 1 = g - x*z. Does 9 divide g?
False
Let v = -11 + 11. Suppose 145 = -q + 3*q - 5*x, 3*q - 4*x - 221 = v. Suppose c + q = 4*c. Is c a multiple of 15?
False
Suppose 5*p - 4*v - 1374 = 0, 977 = 4*p - 3*v - 123. Is p a multiple of 13?
False
Suppose 2 = 2*y - 4*z, -y + 11*z = 15*z - 13. Let j be (9/6)/(6/32). Suppose -15 = y*m, d + j - 27 = -3*m. Is d a multiple of 7?
True
Let z = 985 + -348. Does 52 divide z?
False
Suppose 3*l = -61 - 47. Let w be 0/(-6) - l/2. Is 9 a factor of (w/(-10))/((-3)/45)?
True
Is 666 - 3 - (-2 - (3 + -5)) a multiple of 17?
True
Let c = 2729 - 1607. Is 34 a factor of c?
True
Let v = 32 + -32. Suppose v = -2*k - k + 54. Is k a multiple of 17?
False
Suppose 23*s + 5 = 28*s, -3*n = -5*s - 3451. Is 18 a factor of n?
True
Suppose 3*w + 0*z - 4 = z, 5*w = 4*z + 2. Suppose 54 = w*l - 190. Does 14 divide l?
False
Suppose k - 4 = -10. Let v be k*(-4)/(2/(-2)). Is 18 a factor of (v/10)/((-3)/45)?
True
Suppose -5*c = -2*l - 165, -3*c + 8*l = 7*l - 98. Is c a multiple of 11?
False
Let m = 604 - -305. Does 19 divide m?
False
Let j be (-65)/(-20) - (-2)/(-8). Suppose -3*z - 4*p + 2 = -2, -p = 3*z - 1. Suppose z = -2*y - j*y + 40. Is 4 a factor of y?
True
Let o(c) = -9*c + 33. Let l(r) = -1. Let x(q) = -3*l(q) + o(q). Does 35 divide x(-31)?
True
Suppose 3*q = 3*m - 18, -q = 5*m - 27 + 3. Is 98 + (30/(-50))/(1/m) a multiple of 19?
True
Suppose 1337 + 665 = 2*v. Is 25 a factor of v?
False
Suppose -14*d = -1022 - 1414. Is 7 a factor of d?
False
Let l be 1/(2/(-24)*-3). Suppose 2*q - 30 = -l*q. Suppose -1 = -4*c - q, 3*z = 3*c + 174. Does 19 divide z?
True
Is 21 a factor of (-11)/(-77) - (-6369)/7?
False
Let x = 177 - 169. Suppose -2*q = -i + 9, -5*i = q + 1 - 13. Suppose 545 = x*w - i*w. Does 31 divide w?
False
Suppose -4*y - 328 = -3*t, -2*t = -y + 4*y + 229. Let g = -53 - y. Is 26 a factor of g?
True
Let a = -21 + 23. Suppose a*z - 6*z = -12. Suppose j - 5*j - 25 = -d, 3*d - 150 = -z*j. Does 10 divide d?
False
Let v(r) = r**2 - 5*r + 3. Let x be v(6). Suppose -4*l - u = -x, 2*l + l - 2*u - 15 = 0. Is l even?
False
Suppose a = -3*a - 2*f + 860, 0 = 5*f + 10. Is 24 a factor of a?
True
Suppose -4*y + 212 = -4*h, h = -4*y + 2*y + 112. Let j be 8/44 - (-430)/y. Let n(v) = -v**2 + 17*v - 20. Does 26 divide n(j)?
True
Let p be (1 - -2)*105/9. Let i = p - 16. Is 6 a factor of i?
False
Suppose 3 = 5*x - 7. Suppose x*v - 4*v = 0. Suppose v = -3*c - 0*c + 117. Does 13 divide c?
True
Let u(g) = 3*g**3 + 7*g**2 - 3*g + 5. Does 2 divide u(3)?
True
Let v be (-2)/(-2) - (-864 - 3). Suppose v - 292 = 8*y. Is y a multiple of 18?
True
Suppose 3*u = u + 2*f + 1676, -u + 858 = 4*f. Is 10 a factor of 6/9 + u/6?
False
Suppose 6*w - 55 - 23 = 0. Is (0 + -6)/(26/w) + 138 a multiple of 9?
True
Suppose 0 = -99*g + 96*g + 1305. Is g a multiple of 6?
False
Is 16 a factor of ((-646)/8 - 1)/((-42)/224)?
False
Suppose 2*s - c + 299 = 3*s, -3*s + 3*c = -879. Is 41 a factor of s?
False
Suppose 0 = 3*l + l + 92. Let p = 225 - 180. Let i = p + l. Is i a multiple of 10?
False
Is (252/18)/((-2)/(-28)) a multiple of 13?
False
Let s = -1 - 31. Let x = -2 - s. Does 15 divide x?
True
Let i(t) be the third derivative of t**5/60 + 5*t**4/24 - t**3/3 + 176*t**2. Let v(n) = 2*n + 1. Let s be v(-4). Does 12 divide i(s)?
True
Let d = -600 - -1040. Is 16 a factor of d?
False
Suppose -4*o - 6*o = -40. Suppose 7*z = 2*z - 4*v + 325, v + 281 = o*z. Does 12 divide z?
False
Suppose 5*d - 2*p = -p + 727, -3*d - 4*p = -450. Is 5 a factor of d?
False
Suppose 19858 + 8252 = 30*z. Is 37 a factor of z?
False
Suppose -7560 = 36*x - 42*x. Is 90 a factor of x?
True
Suppose -4*r = -297 - 771. Suppose r = 5*v + 3*m - 51, 129 = 2*v + 3*m. Is 21 a factor of v?
True
Suppose 0 = -2*k - 6 - 10. Let m(j) = j**2 - 10*j - 4. Let r be m(12). Let o = k + r. Is o a multiple of 12?
True
Suppose -d - 3*d + 104 = -2*m, -5*m = 5*d - 100. Is d a multiple of 2?
True
Suppose 0 = 6*y + 10 - 58. Let k be (-2)/(y/6)*-18. Suppose 0 = -6*f + 45 + k. Is 2 a factor of f?
True
Suppose -26*b + 36738 = 13*b. Is b a multiple of 52?
False
Suppose 2*s - 113 - 177 = v, 5*s = -3*v + 714. Is 16 a factor of s?
True
Let j(c) = -c**3 + 9*c**2 + 9*c - 13. Is j(5) a multiple of 22?
True
Let d = -4 - -2. Suppose 353 = -5*f - 2*h, -183*f + 281 = -187*f - 3*h. Does 9 divide (f/d)/((-11)/(-22))?
False
Suppose -5*o - 42 = -a + 38, 0 = -o + 4*a - 16. Let p = 60 - o. Is 19 a factor of p?
True
Suppose -3*l + 1633 = 5*v, 2*l + 234 + 1394 = 5*v. Suppose 4*w + 152 = 2*i, -4*i + v = -2*w + 5*w. Is i a multiple of 20?
True
Suppose 134 = 5*n - 21. Let h = -3 + n. Is h a multiple of 14?
True
Let f = -501 - -628. Does 13 divide f?
False
Is (12 - 9) + 663 + 4 a multiple of 67?
True
Let f = 1375 + -528. Is f a multiple of 19?
False
Suppose -4*c = 5*h + 14, -3 = -0*h + h + c. Let j = -29 - h. Is (-966)/j + (-6)/(-27) a multiple of 17?
False
Suppose 5*m - 306 = -3*g + 249, -248 = -2*m + 4*g. Suppose 2*l - 2*c - m = 0, -6*l = -4*l + c - 105. Does 5 divide l?
False
Let h = -275 - -402. Suppose 4*m + 15 = h. Is 12 a factor of m?
False
Suppose -5*j - 4*h + 226 = 0, 1 = 3*h - 11. Suppose -630 + j = -7*b. Is b a multiple of 28?
True
Is 71 a factor of (3266/4)/(-3 + (-56)/(-16))?
True
Let k(x) = -4*x**2 + x**2 - 6 + 8*x**2 + 0*x - 3*x. Does 31 divide k(4)?
True
Let a be 0*4/(-12) + 1 + -1. Suppose a = -5*j + u + 355, -5*j + 147 = 4*u - 208. Is j a multiple of 7?
False
Let i(g) be the second derivative of -11*g**5/20 + g**4/12 - g**2/2 + 21*g. Let x(b) = b**3 - 3*b**2 - b + 2. Let t be x(3). Is 11 a factor of i(t)?
True
Let l(k) = -13*k**2 + k + 3. Let w be l(2). Let t = -3 - w. Is 10 a factor of 4 + 11/(t/24)?
True
Let c = 20 + -11. Suppose -i + c = 2*i. Suppose -162 = -i*k + 9. Is k a multiple of 10?
False
Suppose -15*a + a + 8708 = 0. Is 26 a factor of a?
False
Suppose 3*a = 6 + 6. Suppose -a*o - 3*m + 5 = 2, -4*m = -4*o + 24. Suppose -2*i + k = o*i - 15, 3*i - 9 = -4*k. Does 2 divide i?
False
Let z(m) = 2*m - 39. Let r be z(17). Let y(c) = -c**3 - 6*c**2 - 21*c - 2. Does 46 divide y(r)?
False
Let o(r) = r**2 + 41. Let n = -18 + 18. Let q be o(n). Let d = q + -10. Is 13 a factor of d?
False
Let m be (63/(-28))/(6/(-8)). Suppose -4*z + 42 = -m*z. Is z a multiple of 27?
Fals